{"id":84806,"date":"2025-01-26T03:51:06","date_gmt":"2025-01-26T03:51:06","guid":{"rendered":"https:\/\/nexgendecors.com\/product\/u-shaped-sectional-sofa-couch-for-living-room-113-convertible-l-shaped-4-seater-couches-with-movable-ottoman-pillows-olive-green-velvet1711879083994\/"},"modified":"2025-03-09T14:47:59","modified_gmt":"2025-03-09T14:47:59","slug":"sofa-seccional-en-forma-de-u-para-sala-de-estar-113-sofas-convertibles-en-forma-de-l-de-4-plazas-con-cojines-otomanos-moviles-terciopelo-verde-oliva-1711879083994","status":"publish","type":"product","link":"https:\/\/nexgendecors.com\/es\/product\/sofa-seccional-en-forma-de-u-para-sala-de-estar-113-sofas-convertibles-en-forma-de-l-de-4-plazas-con-cojines-otomanos-moviles-terciopelo-verde-oliva-1711879083994\/","title":{"rendered":"Sof\u00e1 seccional en forma de U de terciopelo verde oliva con otomana"},"content":{"rendered":"<p data-mce-fragment=\"1\"><strong data-mce-fragment=\"1\">Sof\u00e1 seccional modular: personaliza tu comodidad<\/strong><\/p>\n<p data-mce-fragment=\"1\">\ud83c\udf1f <strong data-mce-fragment=\"1\">Caracter\u00edsticas y especificaciones clave<\/strong>:<\/p>\n<ul data-mce-fragment=\"1\">\n<li data-mce-fragment=\"1\">\n<p data-mce-fragment=\"1\"><strong data-mce-fragment=\"1\">Combinaci\u00f3n libre<\/strong>Con su dise\u00f1o modular y su otomana m\u00f3vil, este sof\u00e1 seccional ofrece infinitas posibilidades. Ya sea que prefieras una configuraci\u00f3n en forma de U, de L o m\u00e1s tradicional, la elecci\u00f3n es tuya. La otomana incluso puede servir como taburete independiente, brind\u00e1ndote flexibilidad para tus necesidades cambiantes. \ud83d\udd04\ud83d\udecb\ufe0f<\/p>\n<\/li>\n<li data-mce-fragment=\"1\">\n<p data-mce-fragment=\"1\"><strong data-mce-fragment=\"1\">Experiencia de asiento c\u00f3moda<\/strong>Sum\u00e9rgete en la relajaci\u00f3n con nuestros cojines gruesos, rellenos de esponja de alta densidad para una comodidad \u00f3ptima. Junto con suaves cojines dobles y c\u00f3modos reposabrazos, este sof\u00e1 seccional te har\u00e1 sentir como si estuvieras sentado en una nube. \u2601\ufe0f\ud83d\udecc<\/p>\n<\/li>\n<li data-mce-fragment=\"1\">\n<p data-mce-fragment=\"1\"><strong data-mce-fragment=\"1\">Resistente y duradero<\/strong>Dise\u00f1ado para durar, este sof\u00e1 cuenta con una robusta estructura de madera maciza y patas de pl\u00e1stico estables. El colch\u00f3n de muelles garantiza un confort c\u00f3modo y firme, garantizando durabilidad y comodidad durante a\u00f1os.<\/p>\n<\/li>\n<li data-mce-fragment=\"1\">\n<p data-mce-fragment=\"1\"><strong data-mce-fragment=\"1\">Tela de terciopelo de primera calidad<\/strong>Envuelto en una lujosa tela de terciopelo, este sof\u00e1 no solo ofrece una sensaci\u00f3n de suavidad, sino que tambi\u00e9n luce colores vibrantes y resistentes a la decoloraci\u00f3n. Con excelente resistencia a las arrugas y a las bolitas, es hermoso y duradero. \ud83c\udfa8\ud83c\udf08<\/p>\n<\/li>\n<li data-mce-fragment=\"1\">\n<p data-mce-fragment=\"1\"><strong data-mce-fragment=\"1\">Dise\u00f1o elegante<\/strong>Sum\u00e9rgete en la simplicidad moderna con este sof\u00e1 de elegante dise\u00f1o. Su estilo atemporal lo convierte en el complemento perfecto para cualquier sala, apartamento o sal\u00f3n, integr\u00e1ndose a la perfecci\u00f3n con diversos estilos de decoraci\u00f3n.<\/p>\n<\/li>\n<\/ul>\n<p data-mce-fragment=\"1\">Transforma tu sala de estar con este vers\u00e1til y elegante sof\u00e1 seccional. Su dise\u00f1o personalizable, materiales de primera calidad y comodidad superior lo convierten en un accesorio imprescindible para cualquier hogar que busque realzar su estilo y funcionalidad.<\/p>\n<div><\/div>","protected":false},"excerpt":{"rendered":"<p>Sof\u00e1 seccional modular: personaliza tu comodidad \ud83c\udf1f Caracter\u00edsticas y especificaciones clave: Combinaci\u00f3n libre: con su dise\u00f1o modular y otomana m\u00f3vil,<\/p>","protected":false},"featured_media":144011,"comment_status":"open","ping_status":"closed","template":"","meta":[],"product_brand":[],"product_cat":[30971,30846,32,30873],"product_tag":[],"class_list":{"0":"post-84806","1":"product","2":"type-product","3":"status-publish","4":"has-post-thumbnail","6":"product_cat-hp","7":"product_cat-living-room","8":"product_cat-residential-furniture","9":"product_cat-sofa","11":"first","12":"instock","13":"taxable","14":"shipping-taxable","15":"purchasable","16":"product-type-variable"},"_links":{"self":[{"href":"https:\/\/nexgendecors.com\/es\/wp-json\/wp\/v2\/product\/84806","targetHints":{"allow":["GET"]}}],"collection":[{"href":"https:\/\/nexgendecors.com\/es\/wp-json\/wp\/v2\/product"}],"about":[{"href":"https:\/\/nexgendecors.com\/es\/wp-json\/wp\/v2\/types\/product"}],"replies":[{"embeddable":true,"href":"https:\/\/nexgendecors.com\/es\/wp-json\/wp\/v2\/comments?post=84806"}],"version-history":[{"count":0,"href":"https:\/\/nexgendecors.com\/es\/wp-json\/wp\/v2\/product\/84806\/revisions"}],"wp:featuredmedia":[{"embeddable":true,"href":"https:\/\/nexgendecors.com\/es\/wp-json\/wp\/v2\/media\/144011"}],"wp:attachment":[{"href":"https:\/\/nexgendecors.com\/es\/wp-json\/wp\/v2\/media?parent=84806"}],"wp:term":[{"taxonomy":"product_brand","embeddable":true,"href":"https:\/\/nexgendecors.com\/es\/wp-json\/wp\/v2\/product_brand?post=84806"},{"taxonomy":"product_cat","embeddable":true,"href":"https:\/\/nexgendecors.com\/es\/wp-json\/wp\/v2\/product_cat?post=84806"},{"taxonomy":"product_tag","embeddable":true,"href":"https:\/\/nexgendecors.com\/es\/wp-json\/wp\/v2\/product_tag?post=84806"}],"curies":[{"name":"wp","href":"https:\/\/api.w.org\/{rel}","templated":true}]}}

Sofá seccional en forma de U de terciopelo verde oliva con otomana

<p data-mce-fragment="1"><strong data-mce-fragment="1">Sofá seccional modular: personaliza tu comodidad</strong></p>
<p data-mce-fragment="1">🌟 <strong data-mce-fragment="1">Características y especificaciones clave</strong>:</p>
<ul data-mce-fragment="1">
<li data-mce-fragment="1">
<p data-mce-fragment="1"><strong data-mce-fragment="1">Combinación libre</strong>Con su diseño modular y su otomana móvil, este sofá seccional ofrece infinitas posibilidades. Ya sea que prefieras una configuración en forma de U, de L o más tradicional, la elección es tuya. La otomana incluso puede servir como taburete independiente, brindándote flexibilidad para tus necesidades cambiantes. 🔄🛋️</p>
</li>
<li data-mce-fragment="1">
<p data-mce-fragment="1"><strong data-mce-fragment="1">Experiencia de asiento cómoda</strong>Sumérgete en la relajación con nuestros cojines gruesos, rellenos de esponja de alta densidad para una comodidad óptima. Junto con suaves cojines dobles y cómodos reposabrazos, este sofá seccional te hará sentir como si estuvieras sentado en una nube. ☁️🛌</p>
</li>
<li data-mce-fragment="1">
<p data-mce-fragment="1"><strong data-mce-fragment="1">Resistente y duradero</strong>Diseñado para durar, este sofá cuenta con una robusta estructura de madera maciza y patas de plástico estables. El colchón de muelles garantiza un confort cómodo y firme, garantizando durabilidad y comodidad durante años.</p>
</li>
<li data-mce-fragment="1">
<p data-mce-fragment="1"><strong data-mce-fragment="1">Tela de terciopelo de primera calidad</strong>Envuelto en una lujosa tela de terciopelo, este sofá no solo ofrece una sensación de suavidad, sino que también luce colores vibrantes y resistentes a la decoloración. Con excelente resistencia a las arrugas y a las bolitas, es hermoso y duradero. 🎨🌈</p>
</li>
<li data-mce-fragment="1">
<p data-mce-fragment="1"><strong data-mce-fragment="1">Diseño elegante</strong>Sumérgete en la simplicidad moderna con este sofá de elegante diseño. Su estilo atemporal lo convierte en el complemento perfecto para cualquier sala, apartamento o salón, integrándose a la perfección con diversos estilos de decoración.</p>
</li>
</ul>
<p data-mce-fragment="1">Transforma tu sala de estar con este versátil y elegante sofá seccional. Su diseño personalizable, materiales de primera calidad y comodidad superior lo convierten en un accesorio imprescindible para cualquier hogar que busque realzar su estilo y funcionalidad.</p>
<div></div>

<p>Sofá seccional modular: personaliza tu comodidad 🌟 Características y especificaciones clave: Combinación libre: con su diseño modular y otomana móvil,</p>
